{"id":2395,"date":"2023-06-07T08:41:44","date_gmt":"2023-06-07T13:41:44","guid":{"rendered":"https:\/\/staging.phillips66.com\/76com\/\/?page_id=2395"},"modified":"2025-09-23T13:42:53","modified_gmt":"2025-09-23T18:42:53","slug":"recompensas-kickback","status":"publish","type":"page","link":"https:\/\/staging.phillips66.com\/76com\/es\/recompensas-kickback\/","title":{"rendered":"Recompensas Kickback"},"content":{"rendered":"<div style=\"--max-multiplier: 0.75;\" class=\"banner size-tall content-width-75 has-background-dim has-background-dim-20 alignwide has-text-align- size-tall banner stack-on-mobile content-width-75 has-background-dim has-background-dim-20\">\n\t<picture class=\"banner__image\">\n\t\t\t\t<source srcset=\"https:\/\/phillips66.widen.net\/content\/sebzu6tx2p\/jpeg\/kickback-hero-01.jpeg?keep=c&#038;crop=yes&#038;color=ffffffff&#038;quality=54&#038;u=mw5qdv&#038;w=2048 2048w, https:\/\/phillips66.widen.net\/content\/sebzu6tx2p\/jpeg\/kickback-hero-01.jpeg?keep=c&#038;crop=yes&#038;color=ffffffff&#038;quality=54&#038;u=mw5qdv&#038;w=1536 1536w, https:\/\/phillips66.widen.net\/content\/sebzu6tx2p\/jpeg\/kickback-hero-01.jpeg?keep=c&#038;crop=yes&#038;color=ffffffff&#038;quality=54&#038;u=mw5qdv&#038;w=1440 1440w, https:\/\/phillips66.widen.net\/content\/sebzu6tx2p\/jpeg\/kickback-hero-01.jpeg?keep=c&#038;crop=yes&#038;color=ffffffff&#038;quality=54&#038;u=mw5qdv&#038;w=768 768w, https:\/\/phillips66.widen.net\/content\/sebzu6tx2p\/jpeg\/kickback-hero-01.jpeg?keep=c&#038;crop=yes&#038;color=ffffffff&#038;quality=54&#038;u=mw5qdv&#038;w=390 390w, https:\/\/phillips66.widen.net\/content\/sebzu6tx2p\/jpeg\/kickback-hero-01.jpeg?keep=c&#038;crop=yes&#038;color=ffffffff&#038;quality=54&#038;u=mw5qdv&#038;w=375 375w\" sizes=\"(min-width: 80em) 940px, (min-width: 75em) calc(100vw - 12.5rem), 100vw\" media=\"(max-width: 47.938em)\">\n\t\t\t\t<source srcset=\"https:\/\/phillips66.widen.net\/content\/sebzu6tx2p\/jpeg\/kickback-hero-01.jpeg?keep=c&#038;crop=yes&#038;color=ffffffff&#038;quality=54&#038;u=mw5qdv&#038;w=2048 2048w, https:\/\/phillips66.widen.net\/content\/sebzu6tx2p\/jpeg\/kickback-hero-01.jpeg?keep=c&#038;crop=yes&#038;color=ffffffff&#038;quality=54&#038;u=mw5qdv&#038;w=1440 1440w, https:\/\/phillips66.widen.net\/content\/sebzu6tx2p\/jpeg\/kickback-hero-01.jpeg?keep=c&#038;crop=yes&#038;color=ffffffff&#038;quality=54&#038;u=mw5qdv&#038;w=1024 1024w, https:\/\/phillips66.widen.net\/content\/sebzu6tx2p\/jpeg\/kickback-hero-01.jpeg?keep=c&#038;crop=yes&#038;color=ffffffff&#038;quality=54&#038;u=mw5qdv&#038;w=768 768w, https:\/\/phillips66.widen.net\/content\/sebzu6tx2p\/jpeg\/kickback-hero-01.jpeg?keep=c&#038;crop=yes&#038;color=ffffffff&#038;quality=54&#038;u=mw5qdv&#038;w=375 375w\" sizes=\"(min-width: 80em) 940px, (min-width: 75em) calc(100vw - 12.5rem), 100vw\" media=\"(min-width: 48em)\">\n\t\t\t\t<img decoding=\"async\" class=\"banner__image\" src=\"https:\/\/phillips66.widen.net\/content\/sebzu6tx2p\/jpeg\/kickback-hero-01.jpeg?keep=c&#038;crop=yes&#038;color=ffffffff&#038;quality=54&#038;u=mw5qdv\" alt=\"\">\n\t\t\t<\/picture><div class=\"banner__content\">\n\n<h1 class=\"wp-block-heading\">Consi\u00e9ntete a ti mismo y a tu auto<\/h1>\n\n\n\n<p class=\"wp-block-paragraph\">Con las recompensas KickBack<sup>\u00ae<\/sup>, puedes ganar puntos en compras cotidianas, y luego gastarlos como efectivo en cualquiera de nuestros establecimientos participantes.<\/p>\n\n\n\n<div class=\"wp-block-buttons is-layout-flex wp-block-buttons-is-layout-flex\">\n<div class=\"wp-block-button is-style-fill\"><a class=\"wp-block-button__link wp-element-button\" href=\"https:\/\/kickbackpoints.com\/my-account\/\" target=\"_blank\" rel=\"noreferrer noopener\">Registra Tu Tarjeta<\/a><\/div>\n\n\n\n<div class=\"wp-block-button is-style-fill\"><a class=\"wp-block-button__link wp-element-button\" href=\"https:\/\/kickbackpoints.com\/my-account\/\" target=\"_blank\" rel=\"noreferrer noopener\">Maneja Tu Cuenta<\/a><\/div>\n<\/div>\n\n<\/div><\/div>\n\n\n\n<div class=\"wp-block-group alignwide has-web-gray-background-color has-background is-layout-constrained wp-block-group-is-layout-constrained\">\n<h2 class=\"wp-block-heading has-text-align-center has-76-blue-color has-text-color\">C\u00f3mo funciona<\/h2>\n\n\n\n<div class=\"wp-block-columns is-layout-flex wp-container-core-columns-is-layout-9d6595d7 wp-block-columns-is-layout-flex\">\n<div class=\"wp-block-column is-layout-flow wp-block-column-is-layout-flow\"><figure class=\"wp-block-image aligncenter wp-block-psx-widen-image\">\n\t<img decoding=\"async\" src=\"https:\/\/phillips66.widen.net\/content\/wxtyehadfh\/png\/icon_76_1_71x71_blue.png?keep=c&#038;crop=yes&#038;quality=54&#038;u=mw5qdv&#038;retina=true\" width=\"71\" height=\"71\" alt=\"\" loading=\"lazy\" \/><\/figure>\n\n\n\n<h3 class=\"wp-block-heading has-text-align-center has-76-blue-color has-text-color\">Inscr\u00edbete:<\/h3>\n\n\n\n<p class=\"has-text-align-center wp-block-paragraph\">Busca una tarjeta KickBack<sup>\u00ae<\/sup>&nbsp;Points GRATIS en gasolineras participantes o reg\u00edstrate para recibir una tarjeta digital en la app My 76<sup>\u00ae<\/sup>.<\/p>\n<\/div>\n\n\n\n<div class=\"wp-block-column is-layout-flow wp-block-column-is-layout-flow\"><figure class=\"wp-block-image aligncenter wp-block-psx-widen-image\">\n\t<img decoding=\"async\" src=\"https:\/\/phillips66.widen.net\/content\/pj8txczsoa\/png\/icon_76_2_71x71_blue.png?keep=c&#038;crop=yes&#038;quality=54&#038;u=mw5qdv&#038;retina=true\" width=\"71\" height=\"71\" alt=\"\" loading=\"lazy\" \/><\/figure>\n\n\n\n<h3 class=\"wp-block-heading has-text-align-center has-76-blue-color has-text-color\">Gana<\/h3>\n\n\n\n<p class=\"has-text-align-center wp-block-paragraph\">Gana puntos KickBack<sup>\u00ae<\/sup>&nbsp;Points en compras que califiquen en gasolineras participantes al presentar tu tarjeta o usar la tarjeta digital dentro de la app.<\/p>\n<\/div>\n\n\n\n<div class=\"wp-block-column is-layout-flow wp-block-column-is-layout-flow\"><figure class=\"wp-block-image aligncenter wp-block-psx-widen-image\">\n\t<img decoding=\"async\" src=\"https:\/\/phillips66.widen.net\/content\/jaqhtipsiz\/png\/icon_76_3_71x71_blue.png?keep=c&#038;crop=yes&#038;quality=54&#038;u=mw5qdv&#038;retina=true\" width=\"71\" height=\"71\" alt=\"\" loading=\"lazy\" \/><\/figure>\n\n\n\n<h3 class=\"wp-block-heading has-text-align-center has-76-blue-color has-text-color\">Canjea<\/h3>\n\n\n\n<p class=\"has-text-align-center wp-block-paragraph\">Los puntos KickBack<sup>\u00ae<\/sup>&nbsp;Points nunca se vencen. Gasta tus puntos como efectivo en nuestra gasolina TOP TIER<sup>\u00ae<\/sup>&nbsp;y en art\u00edculos de tiendas.<\/p>\n<\/div>\n<\/div>\n<\/div>\n\n\n<div class=\"split-card has-media-on-the-right wp-block-psx-split-card\">\n\t<picture class=\"split-card__image-wrapper\">\n\t\t<source srcset=\"https:\/\/phillips66.widen.net\/content\/thzariutom\/jpeg\/rewards-01.jpeg?keep=c&#038;crop=yes&#038;color=ffffffff&#038;quality=54&#038;u=mw5qdv 375w\" sizes=\"100vw\" media=\"(max-width: 47.938em)\">\n\t\t\t\t<source srcset=\"https:\/\/phillips66.widen.net\/content\/thzariutom\/jpeg\/rewards-01.jpeg?keep=c&#038;crop=yes&#038;color=ffffffff&#038;quality=54&#038;u=mw5qdv 1000w\" sizes=\"100vw\" media=\"(min-width: 48em)\">\n\t\t\t\t<img decoding=\"async\" class=\"split-card__image\" src=\"https:\/\/phillips66.widen.net\/content\/thzariutom\/jpeg\/rewards-01.jpeg?keep=c&#038;crop=yes&#038;color=ffffffff&#038;quality=54&#038;u=mw5qdv\" alt=\"\">\n\t\t\n\t<\/picture>\n\t<div class=\"split-card__content\">\n\t\t<div class=\"split-card__content-inner\">\n\t\t\t\n\n<h2 class=\"wp-block-heading has-76-blue-color has-text-color\">Canjea puntos por gasolina y m\u00e1s.<\/h2>\n\n\n\n<p class=\"wp-block-paragraph\">Inscribe tu tarjeta KickBack<sup>\u00ae<\/sup>&nbsp;para gastar puntos como efectivo en nuestra gasolina TOP TIER<sup>\u00ae<\/sup>&nbsp;y en art\u00edculos de tiendas. Adem\u00e1s \u00bfsab\u00edas que los puntos que ganas con KickBack<sup>\u00ae<\/sup>&nbsp;Points nunca se vencen? Te lo dije, estamos de tu lado.<\/p>\n\n\n\n<p class=\"wp-block-paragraph\"><\/p>\n\n\t\t<\/div>\n\t<\/div>\n<\/div>\n\n\n<div class=\"split-card has-media-on-the-left wp-block-psx-split-card\">\n\t<picture class=\"split-card__image-wrapper\">\n\t\t<source srcset=\"https:\/\/phillips66.widen.net\/content\/6ewevuj4zc\/jpeg\/rewards-02.jpeg?keep=c&#038;crop=yes&#038;color=ffffffff&#038;quality=54&#038;u=mw5qdv 375w\" sizes=\"100vw\" media=\"(max-width: 47.938em)\">\n\t\t\t\t<source srcset=\"https:\/\/phillips66.widen.net\/content\/6ewevuj4zc\/jpeg\/rewards-02.jpeg?keep=c&#038;crop=yes&#038;color=ffffffff&#038;quality=54&#038;u=mw5qdv 1000w\" sizes=\"100vw\" media=\"(min-width: 48em)\">\n\t\t\t\t<img decoding=\"async\" class=\"split-card__image\" src=\"https:\/\/phillips66.widen.net\/content\/6ewevuj4zc\/jpeg\/rewards-02.jpeg?keep=c&#038;crop=yes&#038;color=ffffffff&#038;quality=54&#038;u=mw5qdv\" alt=\"\">\n\t\t\n\t<\/picture>\n\t<div class=\"split-card__content\">\n\t\t<div class=\"split-card__content-inner\">\n\t\t\t\n\n<h2 class=\"wp-block-heading has-76-blue-color has-text-color\">Gasolineras participantes.<\/h2>\n\n\n\n<p class=\"wp-block-paragraph\">KickBack<sup>\u00ae<\/sup>&nbsp;Points es un programa de recompensas para clientes que est\u00e1 creciendo r\u00e1pidamente y est\u00e1 disponible en gasolineras 76<sup>\u00ae<\/sup>&nbsp;selectas. Cada gasolinera emite los puntos KickBack<sup>\u00ae<\/sup>&nbsp;Points de manera diferente. Para m\u00e1s informaci\u00f3n, revisa las ofertas KickBack<sup>\u00ae<\/sup>&nbsp;Points de tu gasolinera local. Si tu gasolinera local todav\u00eda no est\u00e1 participando, \u00bfpor qu\u00e9 no invitarlos a que lo hagan?<\/p>\n\n\n\n<div class=\"wp-block-buttons is-layout-flex wp-block-buttons-is-layout-flex\">\n<div class=\"wp-block-button\"><a class=\"wp-block-button__link wp-element-button\" href=\"https:\/\/staging.phillips66.com\/76com\/\/es\/localizador\/\">Encuentra Gasolineras<\/a><\/div>\n<\/div>\n\n\t\t<\/div>\n\t<\/div>\n<\/div>\n\n\n<div class=\"split-card has-media-on-the-right wp-block-psx-split-card\">\n\t<picture class=\"split-card__image-wrapper\">\n\t\t<source srcset=\"https:\/\/phillips66.widen.net\/content\/tot1k8n2rb\/jpeg\/rewards-03.jpeg?keep=c&#038;crop=yes&#038;color=ffffffff&#038;quality=54&#038;u=mw5qdv 375w\" sizes=\"100vw\" media=\"(max-width: 47.938em)\">\n\t\t\t\t<source srcset=\"https:\/\/phillips66.widen.net\/content\/tot1k8n2rb\/jpeg\/rewards-03.jpeg?keep=c&#038;crop=yes&#038;color=ffffffff&#038;quality=54&#038;u=mw5qdv 1000w\" sizes=\"100vw\" media=\"(min-width: 48em)\">\n\t\t\t\t<img decoding=\"async\" class=\"split-card__image\" src=\"https:\/\/phillips66.widen.net\/content\/tot1k8n2rb\/jpeg\/rewards-03.jpeg?keep=c&#038;crop=yes&#038;color=ffffffff&#038;quality=54&#038;u=mw5qdv\" alt=\"\">\n\t\t\n\t<\/picture>\n\t<div class=\"split-card__content\">\n\t\t<div class=\"split-card__content-inner\">\n\t\t\t\n\n<h2 class=\"wp-block-heading has-76-blue-color has-text-color\">Sorteos de KickBack<sup>\u00ae<\/sup>&nbsp;Points.<\/h2>\n\n\n\n<p class=\"wp-block-paragraph\">Todos los tarjetahabientes de KickBack<sup>\u00ae<\/sup>&nbsp;Points participan autom\u00e1ticamente en sorteos mensuales y anuales. Cada vez que deslizas tu tarjeta participas, as\u00ed que mientras m\u00e1s deslices, \u00a1m\u00e1s oportunidades tendr\u00e1s de ganar boletos para eventos deportivos, viajes y m\u00e1s puntos! Para obtener una lista de sorteos actuales y reglas oficiales, visita el sitio web de KickBack<sup>\u00ae<\/sup>&nbsp;Points.<\/p>\n\n\n\n<div class=\"wp-block-buttons is-layout-flex wp-block-buttons-is-layout-flex\">\n<div class=\"wp-block-button\"><a class=\"wp-block-button__link wp-element-button\" href=\"https:\/\/kickbackpoints.com\/\" target=\"_blank\" rel=\"noreferrer noopener\">Ver Sorteos<\/a><\/div>\n<\/div>\n\n\t\t<\/div>\n\t<\/div>\n<\/div>\n\n\n<div class=\"split-card has-media-on-the-left wp-block-psx-split-card\">\n\t<picture class=\"split-card__image-wrapper\">\n\t\t<source srcset=\"https:\/\/phillips66.widen.net\/content\/taytl2fxfd\/jpeg\/rewards-04.jpeg?keep=c&#038;crop=yes&#038;color=ffffffff&#038;quality=54&#038;u=mw5qdv 375w\" sizes=\"100vw\" media=\"(max-width: 47.938em)\">\n\t\t\t\t<source srcset=\"https:\/\/phillips66.widen.net\/content\/taytl2fxfd\/jpeg\/rewards-04.jpeg?keep=c&#038;crop=yes&#038;color=ffffffff&#038;quality=54&#038;u=mw5qdv 1000w\" sizes=\"100vw\" media=\"(min-width: 48em)\">\n\t\t\t\t<img decoding=\"async\" class=\"split-card__image\" src=\"https:\/\/phillips66.widen.net\/content\/taytl2fxfd\/jpeg\/rewards-04.jpeg?keep=c&#038;crop=yes&#038;color=ffffffff&#038;quality=54&#038;u=mw5qdv\" alt=\"\">\n\t\t\n\t<\/picture>\n\t<div class=\"split-card__content\">\n\t\t<div class=\"split-card__content-inner\">\n\t\t\t\n\n<h2 class=\"wp-block-heading has-76-blue-color has-text-color\">Asistencia en todo el pa\u00eds.<\/h2>\n\n\n\n<p class=\"wp-block-paragraph\">Las gasolineras 76<sup>\u00ae<\/sup>&nbsp;participantes son parte de la alianza KickBack<sup>\u00ae<\/sup>&nbsp;Points, la cual se est\u00e1 expandiendo a trav\u00e9s de los EE. UU. en una variedad de establecimientos, que incluyen tiendas de gasolina, supermercados y farmacias.<\/p>\n\n\n\n<div class=\"wp-block-buttons is-layout-flex wp-block-buttons-is-layout-flex\">\n<div class=\"wp-block-button\"><a class=\"wp-block-button__link wp-element-button\" href=\"https:\/\/kickbackpoints.com\/locations\/\" target=\"_blank\" rel=\"noreferrer noopener\">Encuentra Establecimientos Participantes<\/a><\/div>\n<\/div>\n\n\t\t<\/div>\n\t<\/div>\n<\/div>\n\n\n\n<div class=\"wp-block-columns alignwide has-web-gray-background-color has-background is-layout-flex wp-container-core-columns-is-layout-9d6595d7 wp-block-columns-is-layout-flex\">\n<div class=\"wp-block-column is-vertically-aligned-top is-layout-flow wp-block-column-is-layout-flow\"><figure class=\"wp-block-image aligncenter wp-block-psx-widen-image\">\n\t<img decoding=\"async\" src=\"https:\/\/phillips66.widen.net\/content\/bdb8nhdktl\/png\/icon_76_checkmark_71x71_blue.png?keep=c&#038;crop=yes&#038;quality=54&#038;u=mw5qdv&#038;retina=true\" width=\"71\" height=\"71\" alt=\"\" loading=\"lazy\" \/><\/figure>\n\n\n\n<h2 class=\"wp-block-heading has-text-align-center has-76-blue-color has-text-color\">Maneja tu cuenta<\/h2>\n\n\n\n<p class=\"has-text-align-center wp-block-paragraph\">Ingresa para ver tu saldo de puntos o hacer cambios a tu cuenta.<\/p>\n\n\n\n<div class=\"wp-block-buttons is-content-justification-center is-layout-flex wp-container-core-buttons-is-layout-16018d1d wp-block-buttons-is-layout-flex\">\n<div class=\"wp-block-button\"><a class=\"wp-block-button__link wp-element-button\" href=\"https:\/\/kickbackpoints.com\/my-account\/\" target=\"_blank\" rel=\"noreferrer noopener\">Ingresa A Tu Cuenta<\/a><\/div>\n<\/div>\n<\/div>\n\n\n\n<div class=\"wp-block-column is-vertically-aligned-top has-web-gray-background-color has-background is-layout-flow wp-block-column-is-layout-flow\"><figure class=\"wp-block-image aligncenter wp-block-psx-widen-image\">\n\t<img decoding=\"async\" src=\"https:\/\/phillips66.widen.net\/content\/mhkynhpgx1\/png\/icon_76_kickback_71x71_blue.png?keep=c&#038;crop=yes&#038;quality=54&#038;u=mw5qdv&#038;retina=true\" width=\"71\" height=\"71\" alt=\"\" loading=\"lazy\" \/><\/figure>\n\n\n\n<h2 class=\"wp-block-heading has-text-align-center has-76-blue-color has-text-color\">Asistencia para KickBack<sup>\u00ae<\/sup><\/h2>\n\n\n\n<p class=\"has-text-align-center wp-block-paragraph\">\u00bfTienes preguntas acerca de tu tarjeta KickBack<sup>\u00ae<\/sup>&nbsp;Points? Cont\u00e1ctanos.<\/p>\n\n\n\n<p class=\"has-text-align-center wp-block-paragraph\"><strong><a href=\"tel:1-888-339-7064\">1-888-339-7064<\/a><br><a href=\"mailto:memberservices@kickbackpoints.com\">memberservices@kickbackpoints.com<\/a><\/strong><\/p>\n<\/div>\n<\/div>\n\n\n\n<p class=\"wp-block-paragraph\"><\/p>\n","protected":false},"excerpt":{"rendered":"<p>C\u00f3mo funciona Inscr\u00edbete: Busca una tarjeta KickBack\u00ae&nbsp;Points GRATIS en gasolineras participantes o reg\u00edstrate para recibir una tarjeta digital en la app My 76\u00ae. Gana Gana puntos KickBack\u00ae&nbsp;Points en compras que califiquen en gasolineras participantes al presentar tu tarjeta o usar la tarjeta digital dentro de la app. Canjea Los puntos KickBack\u00ae&nbsp;Points nunca se vencen. Gasta [&hellip;]<\/p>\n","protected":false},"author":67,"featured_media":0,"parent":0,"menu_order":0,"comment_status":"closed","ping_status":"closed","template":"","meta":{"psx_page_submenu_id":0,"footnotes":"","widen_thumbnail_url":"","widen_thumbnail_width":"","widen_thumbnail_height":"","widen_thumbnail_focal_point_x":"","widen_thumbnail_focal_point_y":"","psx_hide_title":false},"psx_promotion":[],"class_list":["post-2395","page","type-page","status-publish","hentry"],"yoast_head":"<!-- This site is optimized with the Yoast SEO plugin v23.9 - https:\/\/yoast.com\/wordpress\/plugins\/seo\/ -->\n<title>Recompensas del Programa KickBack\u00ae | 76\u00ae<\/title>\n<meta name=\"description\" content=\"\u00a1Con los KickBack\u00ae Rewards, puedes ganar puntos en tus compras y luego gastarlos como si fueran efectivo en cualquier gasolineras 76\u00ae participantes!\" \/>\n<meta name=\"robots\" content=\"noindex, follow, max-snippet:-1, max-image-preview:large, max-video-preview:-1\" \/>\n<meta property=\"og:locale\" content=\"en_US\" \/>\n<meta property=\"og:type\" content=\"article\" \/>\n<meta property=\"og:title\" content=\"Recompensas del Programa KickBack\u00ae | 76\u00ae\" \/>\n<meta property=\"og:description\" content=\"\u00a1Con los KickBack\u00ae Rewards, puedes ganar puntos en tus compras y luego gastarlos como si fueran efectivo en cualquier gasolineras 76\u00ae participantes!\" \/>\n<meta property=\"og:url\" content=\"https:\/\/staging.phillips66.com\/76com\/es\/recompensas-kickback\/\" \/>\n<meta property=\"og:site_name\" content=\"76 Gas Stations\" \/>\n<meta property=\"article:publisher\" content=\"https:\/\/www.facebook.com\/76gas\" \/>\n<meta property=\"article:modified_time\" content=\"2025-09-23T18:42:53+00:00\" \/>\n<meta name=\"twitter:card\" content=\"summary_large_image\" \/>\n<meta name=\"twitter:site\" content=\"@76\" \/>\n<meta name=\"twitter:label1\" content=\"Est. reading time\" \/>\n\t<meta name=\"twitter:data1\" content=\"2 minutes\" \/>\n<script type=\"application\/ld+json\" class=\"yoast-schema-graph\">{\n\t    \"@context\": \"https:\/\/schema.org\",\n\t    \"@graph\": [\n\t        {\n\t            \"@type\": \"WebPage\",\n\t            \"@id\": \"https:\/\/staging.phillips66.com\/76com\/es\/recompensas-kickback\/\",\n\t            \"url\": \"https:\/\/staging.phillips66.com\/76com\/es\/recompensas-kickback\/\",\n\t            \"name\": \"Recompensas del Programa KickBack\u00ae | 76\u00ae\",\n\t            \"isPartOf\": {\n\t                \"@id\": \"https:\/\/staging.phillips66.com\/76com\/#website\"\n\t            },\n\t            \"datePublished\": \"2023-06-07T13:41:44+00:00\",\n\t            \"dateModified\": \"2025-09-23T18:42:53+00:00\",\n\t            \"description\": \"\u00a1Con los KickBack\u00ae Rewards, puedes ganar puntos en tus compras y luego gastarlos como si fueran efectivo en cualquier gasolineras 76\u00ae participantes!\",\n\t            \"breadcrumb\": {\n\t                \"@id\": \"https:\/\/staging.phillips66.com\/76com\/es\/recompensas-kickback\/#breadcrumb\"\n\t            },\n\t            \"inLanguage\": \"en-US\",\n\t            \"potentialAction\": [\n\t                {\n\t                    \"@type\": \"ReadAction\",\n\t                    \"target\": [\n\t                        \"https:\/\/staging.phillips66.com\/76com\/es\/recompensas-kickback\/\"\n\t                    ]\n\t                }\n\t            ]\n\t        },\n\t        {\n\t            \"@type\": \"BreadcrumbList\",\n\t            \"@id\": \"https:\/\/staging.phillips66.com\/76com\/es\/recompensas-kickback\/#breadcrumb\",\n\t            \"itemListElement\": [\n\t                {\n\t                    \"@type\": \"ListItem\",\n\t                    \"position\": 1,\n\t                    \"name\": \"Home\",\n\t                    \"item\": \"https:\/\/staging.phillips66.com\/76com\/\"\n\t                },\n\t                {\n\t                    \"@type\": \"ListItem\",\n\t                    \"position\": 2,\n\t                    \"name\": \"Recompensas Kickback\"\n\t                }\n\t            ]\n\t        },\n\t        {\n\t            \"@type\": \"WebSite\",\n\t            \"@id\": \"https:\/\/staging.phillips66.com\/76com\/#website\",\n\t            \"url\": \"https:\/\/staging.phillips66.com\/76com\/\",\n\t            \"name\": \"76 Gas Stations\",\n\t            \"description\": \"\",\n\t            \"potentialAction\": [\n\t                {\n\t                    \"@type\": \"SearchAction\",\n\t                    \"target\": {\n\t                        \"@type\": \"EntryPoint\",\n\t                        \"urlTemplate\": \"https:\/\/staging.phillips66.com\/76com\/?s={search_term_string}\"\n\t                    },\n\t                    \"query-input\": {\n\t                        \"@type\": \"PropertyValueSpecification\",\n\t                        \"valueRequired\": true,\n\t                        \"valueName\": \"search_term_string\"\n\t                    }\n\t                }\n\t            ],\n\t            \"inLanguage\": \"en-US\",\n\t            \"publisher\": {\n\t                \"@id\": \"https:\/\/staging.phillips66.com\/76com\/#\/schema\/Organization\/1\"\n\t            }\n\t        },\n\t        {\n\t            \"@type\": \"Organization\",\n\t            \"@id\": \"https:\/\/staging.phillips66.com\/76com\/#\/schema\/Organization\/1\",\n\t            \"name\": \"76 Gas Stations\",\n\t            \"url\": \"https:\/\/staging.phillips66.com\/76com\/\",\n\t            \"logo\": {\n\t                \"@type\": \"ImageObject\",\n\t                \"inLanguage\": \"en-US\",\n\t                \"@id\": \"https:\/\/staging.phillips66.com\/76com\/#\/schema\/logo\/image\/\",\n\t                \"url\": \"https:\/\/staging.phillips66.com\/76com\/wp-content\/client-mu-plugins\/psx-yoast\/images\/p76-android-chrome-192.png\",\n\t                \"contentUrl\": \"https:\/\/staging.phillips66.com\/76com\/wp-content\/client-mu-plugins\/psx-yoast\/images\/p76-android-chrome-192.png\",\n\t                \"caption\": \"76 Gas\",\n\t                \"width\": 192,\n\t                \"height\": 192\n\t            },\n\t            \"image\": {\n\t                \"@id\": \"https:\/\/staging.phillips66.com\/76com\/#\/schema\/logo\/image\/\"\n\t            },\n\t            \"sameAs\": [\n\t                \"https:\/\/www.instagram.com\/76\",\n\t                \"https:\/\/www.facebook.com\/76gas\",\n\t                \"https:\/\/www.youtube.com\/user\/76Gasoline\"\n\t            ]\n\t        }\n\t    ]\n\t}<\/script>\n<!-- \/ Yoast SEO plugin. -->","yoast_head_json":{"title":"Recompensas del Programa KickBack\u00ae | 76\u00ae","description":"\u00a1Con los KickBack\u00ae Rewards, puedes ganar puntos en tus compras y luego gastarlos como si fueran efectivo en cualquier gasolineras 76\u00ae participantes!","robots":{"index":"noindex","follow":"follow","max-snippet":"max-snippet:-1","max-image-preview":"max-image-preview:large","max-video-preview":"max-video-preview:-1"},"og_locale":"en_US","og_type":"article","og_title":"Recompensas del Programa KickBack\u00ae | 76\u00ae","og_description":"\u00a1Con los KickBack\u00ae Rewards, puedes ganar puntos en tus compras y luego gastarlos como si fueran efectivo en cualquier gasolineras 76\u00ae participantes!","og_url":"https:\/\/staging.phillips66.com\/76com\/es\/recompensas-kickback\/","og_site_name":"76 Gas Stations","article_publisher":"https:\/\/www.facebook.com\/76gas","article_modified_time":"2025-09-23T18:42:53+00:00","twitter_card":"summary_large_image","twitter_site":"@76","twitter_misc":{"Est. reading time":"2 minutes"},"schema":{"@context":"https:\/\/schema.org","@graph":[{"@type":"WebPage","@id":"https:\/\/staging.phillips66.com\/76com\/es\/recompensas-kickback\/","url":"https:\/\/staging.phillips66.com\/76com\/es\/recompensas-kickback\/","name":"Recompensas del Programa KickBack\u00ae | 76\u00ae","isPartOf":{"@id":"https:\/\/staging.phillips66.com\/76com\/#website"},"datePublished":"2023-06-07T13:41:44+00:00","dateModified":"2025-09-23T18:42:53+00:00","description":"\u00a1Con los KickBack\u00ae Rewards, puedes ganar puntos en tus compras y luego gastarlos como si fueran efectivo en cualquier gasolineras 76\u00ae participantes!","breadcrumb":{"@id":"https:\/\/staging.phillips66.com\/76com\/es\/recompensas-kickback\/#breadcrumb"},"inLanguage":"en-US","potentialAction":[{"@type":"ReadAction","target":["https:\/\/staging.phillips66.com\/76com\/es\/recompensas-kickback\/"]}]},{"@type":"BreadcrumbList","@id":"https:\/\/staging.phillips66.com\/76com\/es\/recompensas-kickback\/#breadcrumb","itemListElement":[{"@type":"ListItem","position":1,"name":"Home","item":"https:\/\/staging.phillips66.com\/76com\/"},{"@type":"ListItem","position":2,"name":"Recompensas Kickback"}]},{"@type":"WebSite","@id":"https:\/\/staging.phillips66.com\/76com\/#website","url":"https:\/\/staging.phillips66.com\/76com\/","name":"76 Gas Stations","description":"","potentialAction":[{"@type":"SearchAction","target":{"@type":"EntryPoint","urlTemplate":"https:\/\/staging.phillips66.com\/76com\/?s={search_term_string}"},"query-input":{"@type":"PropertyValueSpecification","valueRequired":true,"valueName":"search_term_string"}}],"inLanguage":"en-US","publisher":{"@id":"https:\/\/staging.phillips66.com\/76com\/#\/schema\/Organization\/1"}},{"@type":"Organization","@id":"https:\/\/staging.phillips66.com\/76com\/#\/schema\/Organization\/1","name":"76 Gas Stations","url":"https:\/\/staging.phillips66.com\/76com\/","logo":{"@type":"ImageObject","inLanguage":"en-US","@id":"https:\/\/staging.phillips66.com\/76com\/#\/schema\/logo\/image\/","url":"https:\/\/staging.phillips66.com\/76com\/wp-content\/client-mu-plugins\/psx-yoast\/images\/p76-android-chrome-192.png","contentUrl":"https:\/\/staging.phillips66.com\/76com\/wp-content\/client-mu-plugins\/psx-yoast\/images\/p76-android-chrome-192.png","caption":"76 Gas","width":192,"height":192},"image":{"@id":"https:\/\/staging.phillips66.com\/76com\/#\/schema\/logo\/image\/"},"sameAs":["https:\/\/www.instagram.com\/76","https:\/\/www.facebook.com\/76gas","https:\/\/www.youtube.com\/user\/76Gasoline"]}]}},"lang":"es","translations":{"es":2395},"jetpack_sharing_enabled":true,"pll_sync_post":[],"_links":{"self":[{"href":"https:\/\/staging.phillips66.com\/76com\/wp-json\/wp\/v2\/pages\/2395","targetHints":{"allow":["GET"]}}],"collection":[{"href":"https:\/\/staging.phillips66.com\/76com\/wp-json\/wp\/v2\/pages"}],"about":[{"href":"https:\/\/staging.phillips66.com\/76com\/wp-json\/wp\/v2\/types\/page"}],"author":[{"embeddable":true,"href":"https:\/\/staging.phillips66.com\/76com\/wp-json\/wp\/v2\/users\/67"}],"replies":[{"embeddable":true,"href":"https:\/\/staging.phillips66.com\/76com\/wp-json\/wp\/v2\/comments?post=2395"}],"version-history":[{"count":14,"href":"https:\/\/staging.phillips66.com\/76com\/wp-json\/wp\/v2\/pages\/2395\/revisions"}],"predecessor-version":[{"id":74710,"href":"https:\/\/staging.phillips66.com\/76com\/wp-json\/wp\/v2\/pages\/2395\/revisions\/74710"}],"wp:attachment":[{"href":"https:\/\/staging.phillips66.com\/76com\/wp-json\/wp\/v2\/media?parent=2395"}],"wp:term":[{"taxonomy":"psx_promotion","embeddable":true,"href":"https:\/\/staging.phillips66.com\/76com\/wp-json\/wp\/v2\/psx_promotion?post=2395"}],"curies":[{"name":"wp","href":"https:\/\/api.w.org\/{rel}","templated":true}]}}